{"id":502,"date":"2021-06-11T15:28:23","date_gmt":"2021-06-11T13:28:23","guid":{"rendered":"https:\/\/calandreta.establiment.fr\/ortes\/?page_id=502"},"modified":"2023-03-13T18:42:31","modified_gmt":"2023-03-13T17:42:31","slug":"questions-praticas","status":"publish","type":"page","link":"https:\/\/ortes.establiment.fr\/?page_id=502","title":{"rendered":"Questions praticas"},"content":{"rendered":"\t\t<div data-elementor-type=\"wp-page\" data-elementor-id=\"502\" class=\"elementor elementor-502\">\n\t\t\t\t\t\t<section class=\"elementor-section elementor-top-section elementor-element elementor-element-0a4a696 elementor-section-boxed elementor-section-height-default elementor-section-height-default\" data-id=\"0a4a696\" data-element_type=\"section\">\n\t\t\t\t\t\t<div class=\"elementor-container elementor-column-gap-default\">\n\t\t\t\t\t<div class=\"elementor-column elementor-col-100 elementor-top-column elementor-element elementor-element-3760139\" data-id=\"3760139\" data-element_type=\"column\">\n\t\t\t<div class=\"elementor-widget-wrap elementor-element-populated\">\n\t\t\t\t\t\t<div class=\"elementor-element elementor-element-ba1b9d0 elementor-widget elementor-widget-spacer\" data-id=\"ba1b9d0\" data-element_type=\"widget\" data-widget_type=\"spacer.default\">\n\t\t\t\t<div class=\"elementor-widget-container\">\n\t\t\t\t\t<div class=\"elementor-spacer\">\n\t\t\t<div class=\"elementor-spacer-inner\"><\/div>\n\t\t<\/div>\n\t\t\t\t<\/div>\n\t\t\t\t<\/div>\n\t\t\t\t\t<\/div>\n\t\t<\/div>\n\t\t\t\t\t<\/div>\n\t\t<\/section>\n\t\t\t\t<section class=\"elementor-section elementor-top-section elementor-element elementor-element-b518687 elementor-section-boxed elementor-section-height-default elementor-section-height-default\" data-id=\"b518687\" data-element_type=\"section\">\n\t\t\t\t\t\t<div class=\"elementor-container elementor-column-gap-default\">\n\t\t\t\t\t<div class=\"elementor-column elementor-col-100 elementor-top-column elementor-element elementor-element-2a0fd24\" data-id=\"2a0fd24\" data-element_type=\"column\">\n\t\t\t<div class=\"elementor-widget-wrap elementor-element-populated\">\n\t\t\t\t\t\t<div class=\"elementor-element elementor-element-249f713 elementor-widget elementor-widget-heading\" data-id=\"249f713\" data-element_type=\"widget\" data-widget_type=\"heading.default\">\n\t\t\t\t<div class=\"elementor-widget-container\">\n\t\t\t<h2 class=\"elementor-heading-title elementor-size-default\">Comment inscrire votre enfant<\/h2>\t\t<\/div>\n\t\t\t\t<\/div>\n\t\t\t\t<div class=\"elementor-element elementor-element-559e64d elementor-widget elementor-widget-text-editor\" data-id=\"559e64d\" data-element_type=\"widget\" data-widget_type=\"text-editor.default\">\n\t\t\t\t<div class=\"elementor-widget-container\">\n\t\t\t\t\t\t\t<p><b>Vous souhaitez scolariser votre enfant en Calandreta, contactez-nous!<\/b><\/p><p>Nous organisons des portes ouvertes. Vous pouvez profiter de ces journ\u00e9es pour venir nous rencontrer ou prendre rendez-vous.<\/p><p>Vous serez re\u00e7us par un parent membre du Conseil d\u2019Administration de l\u2019\u00e9cole et la directrice. Ils vous pr\u00e9senteront l\u2019\u00e9cole, le projet p\u00e9dagogique et le fonctionnement associatif.<\/p><p>Vous pourrez discuter des modalit\u00e9s d\u2019accueil de votre enfant en fonction de son \u00e2ge et de son int\u00e9gration au sein de la classe<\/p><p>Pour inscrire votre enfant, vous pouvez utiliser le formulaire de contact du site, ou bien contacter l\u2019\u00e9cole directement par mail ou par t\u00e9l\u00e9phone.<\/p><p><strong>Vous \u00eates s\u00e9duits, t\u00e9l\u00e9chargez le dossier d\u2019inscription<\/strong><\/p><p>Directrice: St\u00e9phanie VAISSIERE<\/p><p>Maison Trompeta<\/p><p>14 Boulevard Charles de Gaulle<br \/>64300 ORTHEZ<\/p><p>T\u00e9l : 05 59 69 15 11 (\u00e9cole)<br \/>Courriel: bureu.ortes@calandreta.org<\/p>\t\t\t\t\t\t<\/div>\n\t\t\t\t<\/div>\n\t\t\t\t\t<\/div>\n\t\t<\/div>\n\t\t\t\t\t<\/div>\n\t\t<\/section>\n\t\t\t\t<section class=\"elementor-section elementor-top-section elementor-element elementor-element-02fe7f7 elementor-section-boxed elementor-section-height-default elementor-section-height-default\" data-id=\"02fe7f7\" data-element_type=\"section\">\n\t\t\t\t\t\t<div class=\"elementor-container elementor-column-gap-default\">\n\t\t\t\t\t<div class=\"elementor-column elementor-col-100 elementor-top-column elementor-element elementor-element-94ba98f\" data-id=\"94ba98f\" data-element_type=\"column\">\n\t\t\t<div class=\"elementor-widget-wrap elementor-element-populated\">\n\t\t\t\t\t\t<div class=\"elementor-element elementor-element-2a81c97 elementor-widget elementor-widget-heading\" data-id=\"2a81c97\" data-element_type=\"widget\" data-widget_type=\"heading.default\">\n\t\t\t\t<div class=\"elementor-widget-container\">\n\t\t\t<h2 class=\"elementor-heading-title elementor-size-default\">Quels sont les horaires scolaires ?<\/h2>\t\t<\/div>\n\t\t\t\t<\/div>\n\t\t\t\t<div class=\"elementor-element elementor-element-3d8e2b0 elementor-widget elementor-widget-text-editor\" data-id=\"3d8e2b0\" data-element_type=\"widget\" data-widget_type=\"text-editor.default\">\n\t\t\t\t<div class=\"elementor-widget-container\">\n\t\t\t\t\t\t\t<p><strong>Heures de classe<\/strong>\u00a0:<\/p><p>Lundi: 9h00 \u2013 12h15 ; 13h45 \u2013 16h30<\/p><p>Mardi: 9h00 \u2013 12h15 ; 13h45 \u2013 16h30<\/p><p>Jeudi: 9h00 \u2013 12h15 ; 13h45 \u2013 16h30\u00a0<\/p><p>Vendredi: 9h00 \u2013 12h15 ; 13h45 \u2013 16h30<\/p>\t\t\t\t\t\t<\/div>\n\t\t\t\t<\/div>\n\t\t\t\t\t<\/div>\n\t\t<\/div>\n\t\t\t\t\t<\/div>\n\t\t<\/section>\n\t\t\t\t<section class=\"elementor-section elementor-top-section elementor-element elementor-element-b2db2c5 elementor-section-boxed elementor-section-height-default elementor-section-height-default\" data-id=\"b2db2c5\" data-element_type=\"section\">\n\t\t\t\t\t\t<div class=\"elementor-container elementor-column-gap-default\">\n\t\t\t\t\t<div class=\"elementor-column elementor-col-100 elementor-top-column elementor-element elementor-element-f0b2d3c\" data-id=\"f0b2d3c\" data-element_type=\"column\">\n\t\t\t<div class=\"elementor-widget-wrap elementor-element-populated\">\n\t\t\t\t\t\t<div class=\"elementor-element elementor-element-d10e9f2 elementor-widget elementor-widget-heading\" data-id=\"d10e9f2\" data-element_type=\"widget\" data-widget_type=\"heading.default\">\n\t\t\t\t<div class=\"elementor-widget-container\">\n\t\t\t<h2 class=\"elementor-heading-title elementor-size-default\">Comment se passe le temps du repas ?<\/h2>\t\t<\/div>\n\t\t\t\t<\/div>\n\t\t\t\t<div class=\"elementor-element elementor-element-d96aebf elementor-widget elementor-widget-text-editor\" data-id=\"d96aebf\" data-element_type=\"widget\" data-widget_type=\"text-editor.default\">\n\t\t\t\t<div class=\"elementor-widget-container\">\n\t\t\t\t\t\t\t<p><strong>Un service de cantine<\/strong>\u00a0est assur\u00e9 au sein m\u00eame de l\u2019\u00e9cole, de 12h15 \u00e0 13h40. Les repas sont fournis par la mairie.<\/p>\t\t\t\t\t\t<\/div>\n\t\t\t\t<\/div>\n\t\t\t\t\t<\/div>\n\t\t<\/div>\n\t\t\t\t\t<\/div>\n\t\t<\/section>\n\t\t\t\t<section class=\"elementor-section elementor-top-section elementor-element elementor-element-d950c77 elementor-section-boxed elementor-section-height-default elementor-section-height-default\" data-id=\"d950c77\" data-element_type=\"section\">\n\t\t\t\t\t\t<div class=\"elementor-container elementor-column-gap-default\">\n\t\t\t\t\t<div class=\"elementor-column elementor-col-100 elementor-top-column elementor-element elementor-element-0ba96fd\" data-id=\"0ba96fd\" data-element_type=\"column\">\n\t\t\t<div class=\"elementor-widget-wrap elementor-element-populated\">\n\t\t\t\t\t\t<div class=\"elementor-element elementor-element-947eee8 elementor-widget elementor-widget-heading\" data-id=\"947eee8\" data-element_type=\"widget\" data-widget_type=\"heading.default\">\n\t\t\t\t<div class=\"elementor-widget-container\">\n\t\t\t<h2 class=\"elementor-heading-title elementor-size-default\">Quels services p\u00e9riscolaires sont propos\u00e9s ?<\/h2>\t\t<\/div>\n\t\t\t\t<\/div>\n\t\t\t\t<div class=\"elementor-element elementor-element-cce0bea elementor-widget elementor-widget-text-editor\" data-id=\"cce0bea\" data-element_type=\"widget\" data-widget_type=\"text-editor.default\">\n\t\t\t\t<div class=\"elementor-widget-container\">\n\t\t\t\t\t\t\t<p><strong>Garderie\u00a0<\/strong>:<\/p><p>Lundi: 7h50 \u2013 8h45 ; 17h00 \u2013\u00a0 18h00<\/p><p>Mardi: 7h50 \u2013 8h45 ; 17h00 \u2013\u00a0 18h00<\/p><p>Jeudi: 7h50 \u2013 8h45 ; 17h00 \u2013\u00a0 18h00<\/p><p>Vendredi: 7h50 \u2013 8h45 ; 17h00 \u2013\u00a0 18h00<\/p>\t\t\t\t\t\t<\/div>\n\t\t\t\t<\/div>\n\t\t\t\t\t<\/div>\n\t\t<\/div>\n\t\t\t\t\t<\/div>\n\t\t<\/section>\n\t\t\t\t<section class=\"elementor-section elementor-top-section elementor-element elementor-element-bb85a03 elementor-section-boxed elementor-section-height-default elementor-section-height-default\" data-id=\"bb85a03\" data-element_type=\"section\">\n\t\t\t\t\t\t<div class=\"elementor-container elementor-column-gap-default\">\n\t\t\t\t\t<div class=\"elementor-column elementor-col-100 elementor-top-column elementor-element elementor-element-23a4990\" data-id=\"23a4990\" data-element_type=\"column\">\n\t\t\t<div class=\"elementor-widget-wrap elementor-element-populated\">\n\t\t\t\t\t\t<div class=\"elementor-element elementor-element-6737b5f elementor-widget elementor-widget-heading\" data-id=\"6737b5f\" data-element_type=\"widget\" data-widget_type=\"heading.default\">\n\t\t\t\t<div class=\"elementor-widget-container\">\n\t\t\t<h2 class=\"elementor-heading-title elementor-size-default\">Comment vais-je suivre la scolarit\u00e9 de mon enfant en occitan ?<\/h2>\t\t<\/div>\n\t\t\t\t<\/div>\n\t\t\t\t<div class=\"elementor-element elementor-element-4954c41 elementor-widget elementor-widget-text-editor\" data-id=\"4954c41\" data-element_type=\"widget\" data-widget_type=\"text-editor.default\">\n\t\t\t\t<div class=\"elementor-widget-container\">\n\t\t\t\t\t\t\t<p>Des cours sont propos\u00e9s par l\u2019association de la Calandreta ou des associations partenaires afin que vous puissiez vous initier \u00e0 la langue r\u00e9gionale qui est langue de vie de notre \u00e9cole et afin de la faire vivre dans les familles.\u00a0<\/p>\t\t\t\t\t\t<\/div>\n\t\t\t\t<\/div>\n\t\t\t\t\t<\/div>\n\t\t<\/div>\n\t\t\t\t\t<\/div>\n\t\t<\/section>\n\t\t\t\t<section class=\"elementor-section elementor-top-section elementor-element elementor-element-d5b3609 elementor-section-boxed elementor-section-height-default elementor-section-height-default\" data-id=\"d5b3609\" data-element_type=\"section\">\n\t\t\t\t\t\t<div class=\"elementor-container elementor-column-gap-default\">\n\t\t\t\t\t<div class=\"elementor-column elementor-col-100 elementor-top-column elementor-element elementor-element-2e2e53c\" data-id=\"2e2e53c\" data-element_type=\"column\">\n\t\t\t<div class=\"elementor-widget-wrap elementor-element-populated\">\n\t\t\t\t\t\t<div class=\"elementor-element elementor-element-c9ba066 elementor-widget elementor-widget-heading\" data-id=\"c9ba066\" data-element_type=\"widget\" data-widget_type=\"heading.default\">\n\t\t\t\t<div class=\"elementor-widget-container\">\n\t\t\t<h2 class=\"elementor-heading-title elementor-size-default\">Combien co\u00fbte la scolarit\u00e9 en Calandreta ?<\/h2>\t\t<\/div>\n\t\t\t\t<\/div>\n\t\t\t\t<div class=\"elementor-element elementor-element-7e1c693 elementor-widget elementor-widget-text-editor\" data-id=\"7e1c693\" data-element_type=\"widget\" data-widget_type=\"text-editor.default\">\n\t\t\t\t<div class=\"elementor-widget-container\">\n\t\t\t\t\t\t\t<p>La scolarit\u00e9 en Calandreta est gratuite, aucun frais de participation ne seront demand\u00e9s pour le fonctionnement de l\u2019\u00e9cole.<\/p><p>Les seul frais obligatoires sont l\u2019adh\u00e9sion \u00e0 l\u2019association (90 euros par famille et par an) et les frais de garderie sont de 1 euro part jours pour un montant forfaitaire de 15 euros part enfant, et la cantine de 4,20 euros le repas.<\/p><p>Pour permettre l\u2019accueil de toutes les familles qui le souhaitent, sans barri\u00e8re financi\u00e8re, les Associations Calandreta, ou plut\u00f4t les parents qui les composent, redoublent d\u2019ing\u00e9niosit\u00e9 et d\u2019\u00e9nergie pour financer leur \u00e9cole.<\/p><p><b>Les parents doivent \u00eatre actifs, impliqu\u00e9s et engag\u00e9s!<\/b><\/p><p><b>Nous vous invitons \u00e0 lire attentivement les \u00e9l\u00e9ments li\u00e9s au fonctionnement associatif, si vous envisagez de vous lancer dans l\u2019aventure Calandreta.<\/b><\/p>\t\t\t\t\t\t<\/div>\n\t\t\t\t<\/div>\n\t\t\t\t\t<\/div>\n\t\t<\/div>\n\t\t\t\t\t<\/div>\n\t\t<\/section>\n\t\t\t\t<\/div>\n\t\t","protected":false},"excerpt":{"rendered":"<p>Comment inscrire votre enfant Vous souhaitez scolariser votre enfant en Calandreta, contactez-nous! Nous organisons des portes ouvertes. Vous pouvez profiter de ces journ\u00e9es pour venir nous rencontrer ou prendre rendez-vous. Vous serez re\u00e7us par un parent membre du Conseil d\u2019Administration de l\u2019\u00e9cole et la directrice. Ils vous pr\u00e9senteront l\u2019\u00e9cole, le projet p\u00e9dagogique et le fonctionnement [&hellip;]<\/p>\n","protected":false},"author":2,"featured_media":0,"parent":0,"menu_order":0,"comment_status":"closed","ping_status":"closed","template":"","meta":{"footnotes":""},"class_list":["post-502","page","type-page","status-publish","hentry","entry"],"_links":{"self":[{"href":"https:\/\/ortes.establiment.fr\/index.php?rest_route=\/wp\/v2\/pages\/502"}],"collection":[{"href":"https:\/\/ortes.establiment.fr\/index.php?rest_route=\/wp\/v2\/pages"}],"about":[{"href":"https:\/\/ortes.establiment.fr\/index.php?rest_route=\/wp\/v2\/types\/page"}],"author":[{"embeddable":true,"href":"https:\/\/ortes.establiment.fr\/index.php?rest_route=\/wp\/v2\/users\/2"}],"replies":[{"embeddable":true,"href":"https:\/\/ortes.establiment.fr\/index.php?rest_route=%2Fwp%2Fv2%2Fcomments&post=502"}],"version-history":[{"count":16,"href":"https:\/\/ortes.establiment.fr\/index.php?rest_route=\/wp\/v2\/pages\/502\/revisions"}],"predecessor-version":[{"id":739,"href":"https:\/\/ortes.establiment.fr\/index.php?rest_route=\/wp\/v2\/pages\/502\/revisions\/739"}],"wp:attachment":[{"href":"https:\/\/ortes.establiment.fr\/index.php?rest_route=%2Fwp%2Fv2%2Fmedia&parent=502"}],"curies":[{"name":"wp","href":"https:\/\/api.w.org\/{rel}","templated":true}]}}