{"id":740,"date":"2023-03-13T18:51:03","date_gmt":"2023-03-13T17:51:03","guid":{"rendered":"https:\/\/calandreta.establiment.fr\/ortes\/?page_id=740"},"modified":"2023-03-20T17:15:44","modified_gmt":"2023-03-20T16:15:44","slug":"sostiener-lescola","status":"publish","type":"page","link":"https:\/\/ortes.establiment.fr\/?page_id=740","title":{"rendered":"Sosti\u00e9ner l\u2019esc\u00f2la"},"content":{"rendered":"\t\t<div data-elementor-type=\"wp-page\" data-elementor-id=\"740\" class=\"elementor elementor-740\">\n\t\t\t\t\t\t<section class=\"elementor-section elementor-top-section elementor-element elementor-element-4a1128b elementor-section-boxed elementor-section-height-default elementor-section-height-default\" data-id=\"4a1128b\" data-element_type=\"section\">\n\t\t\t\t\t\t<div class=\"elementor-container elementor-column-gap-default\">\n\t\t\t\t\t<div class=\"elementor-column elementor-col-100 elementor-top-column elementor-element elementor-element-f26f1fa\" data-id=\"f26f1fa\" data-element_type=\"column\">\n\t\t\t<div class=\"elementor-widget-wrap elementor-element-populated\">\n\t\t\t\t\t\t<div class=\"elementor-element elementor-element-8f08496 elementor-widget elementor-widget-text-editor\" data-id=\"8f08496\" data-element_type=\"widget\" data-widget_type=\"text-editor.default\">\n\t\t\t\t<div class=\"elementor-widget-container\">\n\t\t\t\t\t\t\t<p>Depuis plus de 30 ans, l\u2019\u00e9cole\u00a0assure une transmission efficace de la langue et de la culture\u00a0b\u00e9arnaises aux enfants de toute origine familiale.\u00a0La scolarit\u00e9 y est gratuite et la\u00efque. La Calandreta offre \u00e0 ses \u00e9l\u00e8ves une p\u00e9dagogie active et une ouverture au monde.<\/p><p><strong>Pour pr\u00e9server cette qualit\u00e9 d\u2019enseignement, l\u2019\u00e9cole a besoin de votre soutien! Car la Calandreta est une \u00e9cole associative.<\/strong><\/p><p>Si nos enseignants sont pay\u00e9s par l\u2019\u00c9tat ou la F\u00e9d\u00e9ration Calandreta Aquitaine, il n\u2019en est pas de m\u00eame des aides maternelles qui sont partie int\u00e9grante de l\u2019\u00e9quipe p\u00e9dagogique et restent enti\u00e8rement \u00e0 la charge financi\u00e8re de l\u2019\u00e9cole.\u00a0Ce\u00a0personnel bilingue, exp\u00e9riment\u00e9, repr\u00e9sente pour les enfants et les enseignants, une valeur s\u00fbre. Il assure\u00a0le bon fonctionnement et la vie de l\u2019\u00e9cole.<\/p><p>Or, la situation financi\u00e8re des \u00e9coles associatives est difficile. Vous pouvez aider l\u2019\u00e9cole Calandreta. Si, comme nous, vous avez \u00e0 c\u0153ur d\u2019aider \u00e0 transmettre notre langue aux enfants qui en sont son avenir, dans d\u2019excellentes conditions d\u2019apprentissage.<\/p><p><strong>Deux possibilit\u00e9s pour nous soutenir<\/strong><em>\u00a0(quel que soit le montant choisi)<\/em>\u00a0<strong>:<\/strong><\/p><ul><li><strong>Par ch\u00e8que<\/strong>, libell\u00e9 \u00e0 l\u2019ordre de Calandreta Orthez<br \/>\u00c0 adresser \u00e0 Esc\u00f2la Calandreta Ort\u00e8s \u2013\u00a014 Bd Charles de Gaulle, 64300 Orthez<\/li><li><strong>Par virement, ponctuel ou r\u00e9gulier<\/strong>\u00a0(que vous interrompez quand vous le souhaitez).<br \/>Contactez-nous (regents.ortes@gmail.com) afin que nous vous transmettions l\u2019IBAN.<\/li><\/ul><h5>T\u00e9l\u00e9charger :<strong>\u00a0<a href=\"https:\/\/calandreta.establiment.fr\/ortes\/wp-content\/uploads\/2023\/03\/don-calandreta.odt\">don calandreta<\/a><\/strong><\/h5><p><strong>Avec tous nos remerciements pour votre geste de solidarit\u00e9 et de g\u00e9n\u00e9rosit\u00e9.<\/strong><\/p><p><strong>En tant que particulier, vos dons \u00e0 l\u2019association Calandreta (reconnue organisme d\u2019int\u00e9r\u00eat g\u00e9n\u00e9ral) sont d\u00e9ductibles \u00e0 66% des imp\u00f4ts dans la limite de 20% des revenus imposables, nous vous adresserons un justificatif (60% pour les entreprises). Un re\u00e7u fiscal vous sera transmis.<\/strong><\/p><p><strong>Ainsi, exemples apr\u00e8s d\u00e9duction fiscale\u00a0:<\/strong><\/p><ul><li><strong>je fais un don de 10 \u20ac, cela me revient au final \u00e0 3,40 \u20ac<\/strong><\/li><li><strong>je fais un don de 20 \u20ac, cela me revient au final \u00e0 6,80 \u20ac<\/strong><\/li><li><strong>je fais un don de 50 \u20ac, cela me revient au final \u00e0 17 \u20ac<\/strong><\/li><li><strong>je fais un don de 100 \u20ac, cela me revient au final \u00e0 34 \u20ac\u2026<\/strong><\/li><\/ul><h2><strong>MERC\u00c9S!<\/strong><\/h2>\t\t\t\t\t\t<\/div>\n\t\t\t\t<\/div>\n\t\t\t\t\t<\/div>\n\t\t<\/div>\n\t\t\t\t\t<\/div>\n\t\t<\/section>\n\t\t\t\t<\/div>\n\t\t","protected":false},"excerpt":{"rendered":"<p>Depuis plus de 30 ans, l\u2019\u00e9cole\u00a0assure une transmission efficace de la langue et de la culture\u00a0b\u00e9arnaises aux enfants de toute origine familiale.\u00a0La scolarit\u00e9 y est gratuite et la\u00efque. La Calandreta offre \u00e0 ses \u00e9l\u00e8ves une p\u00e9dagogie active et une ouverture au monde. Pour pr\u00e9server cette qualit\u00e9 d\u2019enseignement, l\u2019\u00e9cole a besoin de votre soutien! Car la [&hellip;]<\/p>\n","protected":false},"author":2,"featured_media":0,"parent":0,"menu_order":0,"comment_status":"closed","ping_status":"closed","template":"","meta":{"footnotes":""},"class_list":["post-740","page","type-page","status-publish","hentry","entry"],"_links":{"self":[{"href":"https:\/\/ortes.establiment.fr\/index.php?rest_route=\/wp\/v2\/pages\/740"}],"collection":[{"href":"https:\/\/ortes.establiment.fr\/index.php?rest_route=\/wp\/v2\/pages"}],"about":[{"href":"https:\/\/ortes.establiment.fr\/index.php?rest_route=\/wp\/v2\/types\/page"}],"author":[{"embeddable":true,"href":"https:\/\/ortes.establiment.fr\/index.php?rest_route=\/wp\/v2\/users\/2"}],"replies":[{"embeddable":true,"href":"https:\/\/ortes.establiment.fr\/index.php?rest_route=%2Fwp%2Fv2%2Fcomments&post=740"}],"version-history":[{"count":13,"href":"https:\/\/ortes.establiment.fr\/index.php?rest_route=\/wp\/v2\/pages\/740\/revisions"}],"predecessor-version":[{"id":871,"href":"https:\/\/ortes.establiment.fr\/index.php?rest_route=\/wp\/v2\/pages\/740\/revisions\/871"}],"wp:attachment":[{"href":"https:\/\/ortes.establiment.fr\/index.php?rest_route=%2Fwp%2Fv2%2Fmedia&parent=740"}],"curies":[{"name":"wp","href":"https:\/\/api.w.org\/{rel}","templated":true}]}}