{"id":828,"date":"2023-03-19T11:27:28","date_gmt":"2023-03-19T10:27:28","guid":{"rendered":"https:\/\/calandreta.establiment.fr\/ortes\/?page_id=828"},"modified":"2023-03-20T17:05:32","modified_gmt":"2023-03-20T16:05:32","slug":"presentation-de-las-colas","status":"publish","type":"page","link":"https:\/\/ortes.establiment.fr\/?page_id=828","title":{"rendered":"Presentation de las colas"},"content":{"rendered":"\t\t<div data-elementor-type=\"wp-page\" data-elementor-id=\"828\" class=\"elementor elementor-828\">\n\t\t\t\t\t\t<section class=\"elementor-section elementor-top-section elementor-element elementor-element-3602584 elementor-section-boxed elementor-section-height-default elementor-section-height-default\" data-id=\"3602584\" data-element_type=\"section\">\n\t\t\t\t\t\t<div class=\"elementor-container elementor-column-gap-default\">\n\t\t\t\t\t<div class=\"elementor-column elementor-col-100 elementor-top-column elementor-element elementor-element-2da3453\" data-id=\"2da3453\" data-element_type=\"column\">\n\t\t\t<div class=\"elementor-widget-wrap elementor-element-populated\">\n\t\t\t\t\t\t<div class=\"elementor-element elementor-element-d616987 elementor-widget elementor-widget-heading\" data-id=\"d616987\" data-element_type=\"widget\" data-widget_type=\"heading.default\">\n\t\t\t\t<div class=\"elementor-widget-container\">\n\t\t\t<h2 class=\"elementor-heading-title elementor-size-default\">L'\u00e9quipe p\u00e9dagogique se compose de :<\/h2>\t\t<\/div>\n\t\t\t\t<\/div>\n\t\t\t\t<div class=\"elementor-element elementor-element-a0cac5a elementor-widget elementor-widget-text-editor\" data-id=\"a0cac5a\" data-element_type=\"widget\" data-widget_type=\"text-editor.default\">\n\t\t\t\t<div class=\"elementor-widget-container\">\n\t\t\t\t\t\t\t<div class=\"boxLandmark \"><div id=\"box16360694\" class=\"box\" data-type=\"text\"><div class=\"overflowHidden height100\"><ul><li><b>St\u00e9phanie Vaissi\u00e8re, enseignante et directrice d\u2019\u00e9tablissement<\/b><\/li><li><b>Carole Lasmarrigues, enseignante<\/b><\/li><li><b>Georges Lamarl\u00e8re, enseignant<\/b><\/li><\/ul><\/div><\/div><\/div><p>Outre l\u2019aspect p\u00e9dagogique et \u00e9ducatif qui reste le c\u0153ur d\u2019une \u00e9cole, la vie d\u2019une Calandreta est ponctu\u00e9e d\u2019\u00e9v\u00e9nements, d\u2019animations\u2026<\/p><p>En effet ces moments permettent de promouvoir Calandreta (langue et culture occitanes) mais aussi d\u2019engendrer des recettes pour assurer le bon fonctionnement de l\u2019\u00e9cole, payer les salaires des employ\u00e9es, etc. L\u2019\u00c9ducation Nationale et la F\u00e9d\u00e9ration Aquitaine Calandreta assurent le paiement des salaires des trois enseignants.<\/p><p>En plus des nombreuses animations que l\u2019\u00e9cole organise ou auxquelles elles participe cit\u00e9es dans la rubrique \u00ab Programa annau 2022-2023 \u00bb.<\/p><ul><li>Dans sa mission de transmission et de d\u00e9veloppement de la langue, notre association \u00d2c per Tots (\u00d2c pour Tous\u2026) g\u00e8re \u00e9galement en partenariat avec le CFP\u00d2C (www.cfpoc.com) la mise en place de cours d\u2019occitan hebdomadaires.<\/li><\/ul>\t\t\t\t\t\t<\/div>\n\t\t\t\t<\/div>\n\t\t\t\t\t<\/div>\n\t\t<\/div>\n\t\t\t\t\t<\/div>\n\t\t<\/section>\n\t\t\t\t<section class=\"elementor-section elementor-top-section elementor-element elementor-element-d7fa603 elementor-section-boxed elementor-section-height-default elementor-section-height-default\" data-id=\"d7fa603\" data-element_type=\"section\">\n\t\t\t\t\t\t<div class=\"elementor-container elementor-column-gap-default\">\n\t\t\t\t\t<div class=\"elementor-column elementor-col-100 elementor-top-column elementor-element elementor-element-d3bed98\" data-id=\"d3bed98\" data-element_type=\"column\">\n\t\t\t<div class=\"elementor-widget-wrap elementor-element-populated\">\n\t\t\t\t\t\t<div class=\"elementor-element elementor-element-4426388 elementor-widget elementor-widget-heading\" data-id=\"4426388\" data-element_type=\"widget\" data-widget_type=\"heading.default\">\n\t\t\t\t<div class=\"elementor-widget-container\">\n\t\t\t<h2 class=\"elementor-heading-title elementor-size-default\">Deux associations loi 1901 assurent le fonctionnement de l\u2019\u00e9cole (hors partie p\u00e9dagogique) :<\/h2>\t\t<\/div>\n\t\t\t\t<\/div>\n\t\t\t\t<div class=\"elementor-element elementor-element-b95b445 elementor-widget elementor-widget-text-editor\" data-id=\"b95b445\" data-element_type=\"widget\" data-widget_type=\"text-editor.default\">\n\t\t\t\t<div class=\"elementor-widget-container\">\n\t\t\t\t\t\t\t<ul><li>l\u2019association\u00a0<strong>Calandreta Ort\u00e8s<\/strong>\u00a0g\u00e8re le quotidien de l\u2019\u00e9tablissement<\/li><li>l\u2019association\u00a0<strong>Anim\u2019<b>\u00d2<\/b>c<\/strong>\u00a0est l\u2019association culturelle de l\u2019\u00e9tablissement<\/li><\/ul><p>Le Conseil d\u2019Administration est compos\u00e9 des parents d\u2019\u00e9l\u00e8ves et se r\u00e9unit une fois par mois, une Assembl\u00e9e G\u00e9n\u00e9rale annuelle proc\u00e8de au bilan de la p\u00e9riode \u00e9coul\u00e9e et fixe les orientations de l\u2019ann\u00e9e \u00e0 venir.<\/p><p>Les\u00a0<strong>membres du Bureau<\/strong>\u00a0sont\u00a0:<\/p><ul><li>CO-pr\u00e9sidence :\u00a0<b>Beno\u00eet Montignac et Matthias Chailly<\/b><\/li><li>Tr\u00e9sorerie :\u00a0<b>Andr\u00e9a Caussade<\/b><\/li><li>Secr\u00e9tariat :\u00a0\u00a0<b>Adrien Collin<\/b><\/li><\/ul><p>Les autres parents d\u2019\u00e9l\u00e8ves sont r\u00e9partis au sein des diverses\u00a0<strong>commissions<\/strong>\u00a0:<\/p><ul><li>b\u00e2timent<\/li><li>ressources humaines<\/li><li>\u00e9v\u00e9nements<\/li><li>mouvement<\/li><li>finances<\/li><li>communication<\/li><\/ul>\t\t\t\t\t\t<\/div>\n\t\t\t\t<\/div>\n\t\t\t\t\t<\/div>\n\t\t<\/div>\n\t\t\t\t\t<\/div>\n\t\t<\/section>\n\t\t\t\t<section class=\"elementor-section elementor-top-section elementor-element elementor-element-044cae8 elementor-section-boxed elementor-section-height-default elementor-section-height-default\" data-id=\"044cae8\" data-element_type=\"section\">\n\t\t\t\t\t\t<div class=\"elementor-container elementor-column-gap-default\">\n\t\t\t\t\t<div class=\"elementor-column elementor-col-100 elementor-top-column elementor-element elementor-element-1f5275c\" data-id=\"1f5275c\" data-element_type=\"column\">\n\t\t\t<div class=\"elementor-widget-wrap elementor-element-populated\">\n\t\t\t\t\t\t<div class=\"elementor-element elementor-element-211cc67 elementor-widget elementor-widget-heading\" data-id=\"211cc67\" data-element_type=\"widget\" data-widget_type=\"heading.default\">\n\t\t\t\t<div class=\"elementor-widget-container\">\n\t\t\t<h2 class=\"elementor-heading-title elementor-size-default\">Vie scolaire<\/h2>\t\t<\/div>\n\t\t\t\t<\/div>\n\t\t\t\t<div class=\"elementor-element elementor-element-5a05f2c elementor-widget elementor-widget-text-editor\" data-id=\"5a05f2c\" data-element_type=\"widget\" data-widget_type=\"text-editor.default\">\n\t\t\t\t<div class=\"elementor-widget-container\">\n\t\t\t\t\t\t\t<p>Les deux ASEM (Agent Sp\u00e9cialis\u00e9 des \u00c9coles Maternelles) sont\u00a0:<\/p><ul><li><b>Oph\u00e9lie Lefebvre<\/b><\/li><li><b>C\u00e9cile Collin<\/b><\/li><\/ul>\t\t\t\t\t\t<\/div>\n\t\t\t\t<\/div>\n\t\t\t\t\t<\/div>\n\t\t<\/div>\n\t\t\t\t\t<\/div>\n\t\t<\/section>\n\t\t\t\t<\/div>\n\t\t","protected":false},"excerpt":{"rendered":"<p>L&rsquo;\u00e9quipe p\u00e9dagogique se compose de : St\u00e9phanie Vaissi\u00e8re, enseignante et directrice d\u2019\u00e9tablissement Carole Lasmarrigues, enseignante Georges Lamarl\u00e8re, enseignant Outre l\u2019aspect p\u00e9dagogique et \u00e9ducatif qui reste le c\u0153ur d\u2019une \u00e9cole, la vie d\u2019une Calandreta est ponctu\u00e9e d\u2019\u00e9v\u00e9nements, d\u2019animations\u2026 En effet ces moments permettent de promouvoir Calandreta (langue et culture occitanes) mais aussi d\u2019engendrer des recettes pour [&hellip;]<\/p>\n","protected":false},"author":2,"featured_media":0,"parent":0,"menu_order":0,"comment_status":"closed","ping_status":"closed","template":"","meta":{"footnotes":""},"class_list":["post-828","page","type-page","status-publish","hentry","entry"],"_links":{"self":[{"href":"https:\/\/ortes.establiment.fr\/index.php?rest_route=\/wp\/v2\/pages\/828"}],"collection":[{"href":"https:\/\/ortes.establiment.fr\/index.php?rest_route=\/wp\/v2\/pages"}],"about":[{"href":"https:\/\/ortes.establiment.fr\/index.php?rest_route=\/wp\/v2\/types\/page"}],"author":[{"embeddable":true,"href":"https:\/\/ortes.establiment.fr\/index.php?rest_route=\/wp\/v2\/users\/2"}],"replies":[{"embeddable":true,"href":"https:\/\/ortes.establiment.fr\/index.php?rest_route=%2Fwp%2Fv2%2Fcomments&post=828"}],"version-history":[{"count":19,"href":"https:\/\/ortes.establiment.fr\/index.php?rest_route=\/wp\/v2\/pages\/828\/revisions"}],"predecessor-version":[{"id":851,"href":"https:\/\/ortes.establiment.fr\/index.php?rest_route=\/wp\/v2\/pages\/828\/revisions\/851"}],"wp:attachment":[{"href":"https:\/\/ortes.establiment.fr\/index.php?rest_route=%2Fwp%2Fv2%2Fmedia&parent=828"}],"curies":[{"name":"wp","href":"https:\/\/api.w.org\/{rel}","templated":true}]}}